{"id":83,"date":"2025-06-03T20:25:55","date_gmt":"2025-06-03T20:25:55","guid":{"rendered":"https:\/\/hanel-photonics.de\/?page_id=83"},"modified":"2025-12-31T07:25:22","modified_gmt":"2025-12-31T07:25:22","slug":"maximize-your-european-tender-success-in-photonics","status":"publish","type":"page","link":"https:\/\/winphotonics.com\/","title":{"rendered":"Home"},"content":{"rendered":"\n<p class=\"has-large-font-size\" style=\"padding-top:0;padding-bottom:0\"><strong>Maximieren Sie Ihren Erfolg bei Ausschreibungen in Europa<\/strong><\/p>\n\n\n\n<p class=\"has-medium-font-size\" style=\"border-style:none;border-width:0px\">M\u00f6chten Sie als Photonik-Hersteller Ihre Erfolgsquote bei EU-Ausschreibungen steigern? Komplexe Vergabeverfahren binden wertvolle Kapazit\u00e4ten, die Ihnen im Kerngesch\u00e4ft fehlen. WinPhotonics unterst\u00fctzt Sie strategisch und navigiert Sie sicher durch den gesamten Prozess. Wir maximieren Ihren Erfolg, damit Sie sich voll auf Ihre technologische Expertise konzentrieren k\u00f6nnen.<\/p>\n\n\n\n<div class=\"wp-block-columns is-layout-flex wp-container-core-columns-is-layout-28f84493 wp-block-columns-is-layout-flex\">\n<div class=\"wp-block-column is-layout-flow wp-block-column-is-layout-flow\">\n<p class=\"has-medium-font-size\"><strong>Ihre Herausforderung: Optimierung Ihrer Performance bei europaweiten Ausschreibungen<\/strong><br>Trotz erfahrenem Vertrieb sind erstklassige Angebote eine Herausforderung. Heben Sie sich durch Ihr Know-how ab und nutzen Sie jede Chance mit maximaler Wirkung.<\/p>\n\n\n\n<p><\/p>\n\n\n\n<p><\/p>\n<\/div>\n\n\n\n<div class=\"wp-block-column is-layout-flow wp-block-column-is-layout-flow\">\n<p class=\"has-medium-font-size\"><strong>Unsere L\u00f6sung: Strategische Unterst\u00fctzung f\u00fcr Photonik-Hersteller<\/strong><br>Wir steigern Ihre Erfolgsquote bei Photonik-Ausschreibungen durch eine risikoarme Partnerschaft, die Ihr bestehendes Vertriebsnetz gezielt erg\u00e4nzt und nachhaltig st\u00e4rkt.<\/p>\n<\/div>\n\n\n\n<div class=\"wp-block-column is-layout-flow wp-block-column-is-layout-flow\">\n<p class=\"has-medium-font-size\"><strong>Das risikoarme Pilotprojekt<\/strong><br>Wie k\u00f6nnen wir Ihren Ausschreibungserfolg steigern? Wir schlagen ein Pilotprojekt f\u00fcr einen konkreten Fall vor. So erleben Sie unsere Expertise risikofrei und erhalten sofort wertvolle Einblicke zur Optimierung k\u00fcnftiger Angebote.<\/p>\n<\/div>\n<\/div>\n\n\n\n<p class=\"has-medium-font-size\">Bereit f\u00fcr den n\u00e4chsten Schritt? Lassen Sie uns besprechen, wie wir Ihre Marktposition in Europa st\u00e4rken k\u00f6nnen. Kontaktieren Sie uns f\u00fcr ein unverbindliches Erstgespr\u00e4ch.<\/p>\n\n\n\n<p class=\"has-medium-font-size\"><\/p>\n\n\n\n<p class=\"has-medium-font-size\"><br><\/p>\n","protected":false},"excerpt":{"rendered":"<p>Maximieren Sie Ihren Erfolg bei Ausschreibungen in Europa M\u00f6chten Sie als Photonik-Hersteller Ihre Erfolgsquote bei EU-Ausschreibungen steigern? Komplexe Vergabeverfahren binden wertvolle Kapazit\u00e4ten, die Ihnen im Kerngesch\u00e4ft fehlen. WinPhotonics unterst\u00fctzt Sie strategisch und navigiert Sie sicher durch den gesamten Prozess. Wir maximieren Ihren Erfolg, damit Sie sich voll auf Ihre technologische Expertise konzentrieren k\u00f6nnen. Ihre Herausforderung: [&hellip;]<\/p>\n","protected":false},"author":1,"featured_media":0,"parent":0,"menu_order":0,"comment_status":"closed","ping_status":"closed","template":"","meta":{"footnotes":""},"class_list":["post-83","page","type-page","status-publish","hentry"],"blocksy_meta":[],"yoast_head":"<!-- This site is optimized with the Yoast SEO plugin v26.2 - https:\/\/yoast.com\/wordpress\/plugins\/seo\/ -->\n<title>Home - WinPhotonics<\/title>\n<meta name=\"robots\" content=\"index, follow, max-snippet:-1, max-image-preview:large, max-video-preview:-1\" \/>\n<link rel=\"canonical\" href=\"https:\/\/winphotonics.com\/\" \/>\n<meta property=\"og:locale\" content=\"en_US\" \/>\n<meta property=\"og:type\" content=\"article\" \/>\n<meta property=\"og:title\" content=\"Home - WinPhotonics\" \/>\n<meta property=\"og:description\" content=\"Maximieren Sie Ihren Erfolg bei Ausschreibungen in Europa M\u00f6chten Sie als Photonik-Hersteller Ihre Erfolgsquote bei EU-Ausschreibungen steigern? Komplexe Vergabeverfahren binden wertvolle Kapazit\u00e4ten, die Ihnen im Kerngesch\u00e4ft fehlen. WinPhotonics unterst\u00fctzt Sie strategisch und navigiert Sie sicher durch den gesamten Prozess. Wir maximieren Ihren Erfolg, damit Sie sich voll auf Ihre technologische Expertise konzentrieren k\u00f6nnen. Ihre Herausforderung: [&hellip;]\" \/>\n<meta property=\"og:url\" content=\"https:\/\/winphotonics.com\/\" \/>\n<meta property=\"og:site_name\" content=\"WinPhotonics\" \/>\n<meta property=\"article:modified_time\" content=\"2025-12-31T07:25:22+00:00\" \/>\n<meta name=\"twitter:card\" content=\"summary_large_image\" \/>\n<meta name=\"twitter:label1\" content=\"Est. reading time\" \/>\n\t<meta name=\"twitter:data1\" content=\"1 minute\" \/>\n<script type=\"application\/ld+json\" class=\"yoast-schema-graph\">{\"@context\":\"https:\/\/schema.org\",\"@graph\":[{\"@type\":\"WebPage\",\"@id\":\"https:\/\/winphotonics.com\/\",\"url\":\"https:\/\/winphotonics.com\/\",\"name\":\"Home - WinPhotonics\",\"isPartOf\":{\"@id\":\"https:\/\/winphotonics.com\/#website\"},\"datePublished\":\"2025-06-03T20:25:55+00:00\",\"dateModified\":\"2025-12-31T07:25:22+00:00\",\"breadcrumb\":{\"@id\":\"https:\/\/winphotonics.com\/#breadcrumb\"},\"inLanguage\":\"en-US\",\"potentialAction\":[{\"@type\":\"ReadAction\",\"target\":[\"https:\/\/winphotonics.com\/\"]}]},{\"@type\":\"BreadcrumbList\",\"@id\":\"https:\/\/winphotonics.com\/#breadcrumb\",\"itemListElement\":[{\"@type\":\"ListItem\",\"position\":1,\"name\":\"Home\",\"item\":\"https:\/\/winphotonics.com\/\"},{\"@type\":\"ListItem\",\"position\":2,\"name\":\"Home\"}]},{\"@type\":\"WebSite\",\"@id\":\"https:\/\/winphotonics.com\/#website\",\"url\":\"https:\/\/winphotonics.com\/\",\"name\":\"WinPhotonics\",\"description\":\"Strategic Tender Support for Photonics Manufacturers\",\"publisher\":{\"@id\":\"https:\/\/winphotonics.com\/#organization\"},\"potentialAction\":[{\"@type\":\"SearchAction\",\"target\":{\"@type\":\"EntryPoint\",\"urlTemplate\":\"https:\/\/winphotonics.com\/?s={search_term_string}\"},\"query-input\":{\"@type\":\"PropertyValueSpecification\",\"valueRequired\":true,\"valueName\":\"search_term_string\"}}],\"inLanguage\":\"en-US\"},{\"@type\":\"Organization\",\"@id\":\"https:\/\/winphotonics.com\/#organization\",\"name\":\"WinPhotonics\",\"url\":\"https:\/\/winphotonics.com\/\",\"logo\":{\"@type\":\"ImageObject\",\"inLanguage\":\"en-US\",\"@id\":\"https:\/\/winphotonics.com\/#\/schema\/logo\/image\/\",\"url\":\"https:\/\/winphotonics.com\/wp-content\/uploads\/2025\/06\/logo-e1749498514323.png\",\"contentUrl\":\"https:\/\/winphotonics.com\/wp-content\/uploads\/2025\/06\/logo-e1749498514323.png\",\"width\":80,\"height\":80,\"caption\":\"WinPhotonics\"},\"image\":{\"@id\":\"https:\/\/winphotonics.com\/#\/schema\/logo\/image\/\"}}]}<\/script>\n<!-- \/ Yoast SEO plugin. -->","yoast_head_json":{"title":"Home - WinPhotonics","robots":{"index":"index","follow":"follow","max-snippet":"max-snippet:-1","max-image-preview":"max-image-preview:large","max-video-preview":"max-video-preview:-1"},"canonical":"https:\/\/winphotonics.com\/","og_locale":"en_US","og_type":"article","og_title":"Home - WinPhotonics","og_description":"Maximieren Sie Ihren Erfolg bei Ausschreibungen in Europa M\u00f6chten Sie als Photonik-Hersteller Ihre Erfolgsquote bei EU-Ausschreibungen steigern? Komplexe Vergabeverfahren binden wertvolle Kapazit\u00e4ten, die Ihnen im Kerngesch\u00e4ft fehlen. WinPhotonics unterst\u00fctzt Sie strategisch und navigiert Sie sicher durch den gesamten Prozess. Wir maximieren Ihren Erfolg, damit Sie sich voll auf Ihre technologische Expertise konzentrieren k\u00f6nnen. Ihre Herausforderung: [&hellip;]","og_url":"https:\/\/winphotonics.com\/","og_site_name":"WinPhotonics","article_modified_time":"2025-12-31T07:25:22+00:00","twitter_card":"summary_large_image","twitter_misc":{"Est. reading time":"1 minute"},"schema":{"@context":"https:\/\/schema.org","@graph":[{"@type":"WebPage","@id":"https:\/\/winphotonics.com\/","url":"https:\/\/winphotonics.com\/","name":"Home - WinPhotonics","isPartOf":{"@id":"https:\/\/winphotonics.com\/#website"},"datePublished":"2025-06-03T20:25:55+00:00","dateModified":"2025-12-31T07:25:22+00:00","breadcrumb":{"@id":"https:\/\/winphotonics.com\/#breadcrumb"},"inLanguage":"en-US","potentialAction":[{"@type":"ReadAction","target":["https:\/\/winphotonics.com\/"]}]},{"@type":"BreadcrumbList","@id":"https:\/\/winphotonics.com\/#breadcrumb","itemListElement":[{"@type":"ListItem","position":1,"name":"Home","item":"https:\/\/winphotonics.com\/"},{"@type":"ListItem","position":2,"name":"Home"}]},{"@type":"WebSite","@id":"https:\/\/winphotonics.com\/#website","url":"https:\/\/winphotonics.com\/","name":"WinPhotonics","description":"Strategic Tender Support for Photonics Manufacturers","publisher":{"@id":"https:\/\/winphotonics.com\/#organization"},"potentialAction":[{"@type":"SearchAction","target":{"@type":"EntryPoint","urlTemplate":"https:\/\/winphotonics.com\/?s={search_term_string}"},"query-input":{"@type":"PropertyValueSpecification","valueRequired":true,"valueName":"search_term_string"}}],"inLanguage":"en-US"},{"@type":"Organization","@id":"https:\/\/winphotonics.com\/#organization","name":"WinPhotonics","url":"https:\/\/winphotonics.com\/","logo":{"@type":"ImageObject","inLanguage":"en-US","@id":"https:\/\/winphotonics.com\/#\/schema\/logo\/image\/","url":"https:\/\/winphotonics.com\/wp-content\/uploads\/2025\/06\/logo-e1749498514323.png","contentUrl":"https:\/\/winphotonics.com\/wp-content\/uploads\/2025\/06\/logo-e1749498514323.png","width":80,"height":80,"caption":"WinPhotonics"},"image":{"@id":"https:\/\/winphotonics.com\/#\/schema\/logo\/image\/"}}]}},"_links":{"self":[{"href":"https:\/\/winphotonics.com\/index.php\/wp-json\/wp\/v2\/pages\/83","targetHints":{"allow":["GET"]}}],"collection":[{"href":"https:\/\/winphotonics.com\/index.php\/wp-json\/wp\/v2\/pages"}],"about":[{"href":"https:\/\/winphotonics.com\/index.php\/wp-json\/wp\/v2\/types\/page"}],"author":[{"embeddable":true,"href":"https:\/\/winphotonics.com\/index.php\/wp-json\/wp\/v2\/users\/1"}],"replies":[{"embeddable":true,"href":"https:\/\/winphotonics.com\/index.php\/wp-json\/wp\/v2\/comments?post=83"}],"version-history":[{"count":25,"href":"https:\/\/winphotonics.com\/index.php\/wp-json\/wp\/v2\/pages\/83\/revisions"}],"predecessor-version":[{"id":391,"href":"https:\/\/winphotonics.com\/index.php\/wp-json\/wp\/v2\/pages\/83\/revisions\/391"}],"wp:attachment":[{"href":"https:\/\/winphotonics.com\/index.php\/wp-json\/wp\/v2\/media?parent=83"}],"curies":[{"name":"wp","href":"https:\/\/api.w.org\/{rel}","templated":true}]}}